{"id":286,"date":"2024-08-19T13:45:32","date_gmt":"2024-08-19T13:45:32","guid":{"rendered":"https:\/\/beleg-hebammen.ch\/staging\/?page_id=286"},"modified":"2024-08-25T09:31:15","modified_gmt":"2024-08-25T09:31:15","slug":"nach-der-geburt","status":"publish","type":"page","link":"https:\/\/beleg-hebammen.ch\/index.php\/nach-der-geburt\/","title":{"rendered":"Nach der Geburt"},"content":{"rendered":"\n<figure class=\"wp-block-image size-large is-style-default\"><img loading=\"lazy\" decoding=\"async\" width=\"2560\" height=\"1440\" src=\"https:\/\/beleg-hebammen.ch\/wp-content\/uploads\/2024\/08\/063-edited-scaled.jpg\" alt=\"\" class=\"wp-image-336\" srcset=\"https:\/\/beleg-hebammen.ch\/wp-content\/uploads\/2024\/08\/063-edited-scaled.jpg 2560w, https:\/\/beleg-hebammen.ch\/wp-content\/uploads\/2024\/08\/063-edited-300x169.jpg 300w, https:\/\/beleg-hebammen.ch\/wp-content\/uploads\/2024\/08\/063-edited-1024x576.jpg 1024w, https:\/\/beleg-hebammen.ch\/wp-content\/uploads\/2024\/08\/063-edited-768x432.jpg 768w, https:\/\/beleg-hebammen.ch\/wp-content\/uploads\/2024\/08\/063-edited-1536x864.jpg 1536w, https:\/\/beleg-hebammen.ch\/wp-content\/uploads\/2024\/08\/063-edited-2048x1152.jpg 2048w\" sizes=\"auto, (max-width: 2560px) 100vw, 2560px\" \/><\/figure>\n\n\n\n<p><\/p>\n\n\n\n<p>Wir bieten dir die kontinuierliche Betreuung auch nach der Geburt und unterst\u00fctzen dich und deine Familie beim Start in den neuen Lebensabschnitt. Die H\u00e4ufigkeit der Betreuung kannst du gemeinsam mit uns definieren.<\/p>\n\n\n\n<h2 class=\"wp-block-heading\">Wochenbettbetreuung<\/h2>\n\n\n\n<p>Das Wochenbett ist die Phase des Kennenlernens und der Erholung nach der Geburt. In diesen ersten Wochen gew\u00f6hnst Du Dich an die neuen Lebensumst\u00e4nde, und diese Zeit kann sowohl wunderbar als auch turbulent sein.<\/p>\n\n\n\n<p>Ganz gleich, ob die Geburt ambulant, station\u00e4r, per Kaiserschnitt oder zu Hause stattfand \u2013 jede Frau kann in dieser Phase auf unsere Unterst\u00fctzung z\u00e4hlen. Wir begleiten Dich auf ganzheitlicher Ebene und unterst\u00fctzen den \u00dcbergang zur Elternschaft.<\/p>\n\n\n\n<p>Sobald Du und Dein Neugeborenes gut zu Hause angekommen seid, beginnt die individuelle Betreuung durch unsere Hebamme, die sp\u00e4testens mit dem 56. Lebenstag endet. Bereits vor der Geburt bereiten wir uns gemeinsam auf diese Phase vor, damit Du mit m\u00f6glichen Unsicherheiten gut umgehen kannst. Unser Ziel ist es, dass Dein Kind in einer liebevollen Umgebung gedeihen kann und die Pflege und der Umgang mit Deinem Neugeborenen schnell zur Selbstverst\u00e4ndlichkeit werden. Besonders wichtig ist uns auch die Unterst\u00fctzung beim Stillen \u2013 eine unserer zentralen Kompetenzen.<\/p>\n\n\n\n<p>Durch regelm\u00e4\u00dfige Besuche \u00fcberwachen wir die Entwicklung und das Wachstum Deines Babys sowie die Erholung Deines K\u00f6rpers. Dazu geh\u00f6ren unter anderem die R\u00fcckbildung der Geb\u00e4rmutter, die Heilung von Geburtsverletzungen und die St\u00e4rkung der Beckenbodenmuskulatur. Auch die emotionalen und sozialen Ver\u00e4nderungen in der neuen Familie haben wir im Blick und stehen Dir bei Fragen oder Herausforderungen unterst\u00fctzend zur Seite. Sollten sich besondere Situationen ergeben, unterst\u00fctzen wir Dich zudem bei der Suche nach weiterf\u00fchrenden Fachkr\u00e4ften und arbeiten eng mit anderen Berufsgruppen zusammen.<\/p>\n\n\n\n<h2 class=\"wp-block-heading\">Stillberatung<\/h2>\n\n\n\n<p>Die Entscheidung, wie du dein Kind ern\u00e4hren m\u00f6chtest, ist ganz individuell und h\u00e4ngt von den jeweiligen Umst\u00e4nden und Herausforderungen ab. Wir verstehen, dass jede Still- oder Ern\u00e4hrungsituation einzigartig sein kann, und stehen dir daher mit umfassender Unterst\u00fctzung und Informationen zur Seite.<\/p>\n\n\n\n<p>Nach der Wochenbettzeit hast du die M\u00f6glichkeit, bis zu drei Stillberatungen in Anspruch zu nehmen. Diese Beratungen werden in vollem Umfang \u00fcbernommen, unabh\u00e4ngig von der Dauer des Stillens, und es fallen keine Franchise-Kosten an.<\/p>\n","protected":false},"excerpt":{"rendered":"<p>Wir bieten dir die kontinuierliche Betreuung auch nach der Geburt und unterst\u00fctzen dich und deine Familie beim Start in den neuen Lebensabschnitt. Die H\u00e4ufigkeit der Betreuung kannst du gemeinsam mit &#8230;<\/p>\n","protected":false},"author":1,"featured_media":0,"parent":0,"menu_order":0,"comment_status":"closed","ping_status":"closed","template":"","meta":{"_coblocks_attr":"","_coblocks_dimensions":"","_coblocks_responsive_height":"","_coblocks_accordion_ie_support":"","footnotes":""},"class_list":["post-286","page","type-page","status-publish","hentry"],"yoast_head":"<!-- This site is optimized with the Yoast SEO plugin v23.3 - https:\/\/yoast.com\/wordpress\/plugins\/seo\/ -->\n<title>Nach der Geburt - Hebammen Sara - Marianne - Vinia<\/title>\n<meta name=\"description\" content=\"Stillberatung und Wochenbettbetreuung\" \/>\n<meta name=\"robots\" content=\"index, follow, max-snippet:-1, max-image-preview:large, max-video-preview:-1\" \/>\n<link rel=\"canonical\" href=\"https:\/\/beleg-hebammen.ch\/index.php\/nach-der-geburt\/\" \/>\n<meta property=\"og:locale\" content=\"de_DE\" \/>\n<meta property=\"og:type\" content=\"article\" \/>\n<meta property=\"og:title\" content=\"Nach der Geburt - Hebammen Sara - Marianne - Vinia\" \/>\n<meta property=\"og:description\" content=\"Stillberatung und Wochenbettbetreuung\" \/>\n<meta property=\"og:url\" content=\"https:\/\/beleg-hebammen.ch\/index.php\/nach-der-geburt\/\" \/>\n<meta property=\"og:site_name\" content=\"Hebammen Sara - Marianne - Vinia\" \/>\n<meta property=\"article:modified_time\" content=\"2024-08-25T09:31:15+00:00\" \/>\n<meta property=\"og:image\" content=\"https:\/\/beleg-hebammen.ch\/wp-content\/uploads\/2024\/08\/063-edited-scaled.jpg\" \/>\n<meta name=\"twitter:card\" content=\"summary_large_image\" \/>\n<meta name=\"twitter:label1\" content=\"Gesch\u00e4tzte Lesezeit\" \/>\n\t<meta name=\"twitter:data1\" content=\"3\u00a0Minuten\" \/>\n<script type=\"application\/ld+json\" class=\"yoast-schema-graph\">{\"@context\":\"https:\/\/schema.org\",\"@graph\":[{\"@type\":\"WebPage\",\"@id\":\"https:\/\/beleg-hebammen.ch\/index.php\/nach-der-geburt\/\",\"url\":\"https:\/\/beleg-hebammen.ch\/index.php\/nach-der-geburt\/\",\"name\":\"Nach der Geburt - Hebammen Sara - Marianne - Vinia\",\"isPartOf\":{\"@id\":\"https:\/\/beleg-hebammen.ch\/#website\"},\"primaryImageOfPage\":{\"@id\":\"https:\/\/beleg-hebammen.ch\/index.php\/nach-der-geburt\/#primaryimage\"},\"image\":{\"@id\":\"https:\/\/beleg-hebammen.ch\/index.php\/nach-der-geburt\/#primaryimage\"},\"thumbnailUrl\":\"https:\/\/beleg-hebammen.ch\/wp-content\/uploads\/2024\/08\/063-edited-scaled.jpg\",\"datePublished\":\"2024-08-19T13:45:32+00:00\",\"dateModified\":\"2024-08-25T09:31:15+00:00\",\"description\":\"Stillberatung und Wochenbettbetreuung\",\"breadcrumb\":{\"@id\":\"https:\/\/beleg-hebammen.ch\/index.php\/nach-der-geburt\/#breadcrumb\"},\"inLanguage\":\"de\",\"potentialAction\":[{\"@type\":\"ReadAction\",\"target\":[\"https:\/\/beleg-hebammen.ch\/index.php\/nach-der-geburt\/\"]}]},{\"@type\":\"ImageObject\",\"inLanguage\":\"de\",\"@id\":\"https:\/\/beleg-hebammen.ch\/index.php\/nach-der-geburt\/#primaryimage\",\"url\":\"https:\/\/beleg-hebammen.ch\/wp-content\/uploads\/2024\/08\/063-edited-scaled.jpg\",\"contentUrl\":\"https:\/\/beleg-hebammen.ch\/wp-content\/uploads\/2024\/08\/063-edited-scaled.jpg\",\"width\":2560,\"height\":1440},{\"@type\":\"BreadcrumbList\",\"@id\":\"https:\/\/beleg-hebammen.ch\/index.php\/nach-der-geburt\/#breadcrumb\",\"itemListElement\":[{\"@type\":\"ListItem\",\"position\":1,\"name\":\"Startseite\",\"item\":\"https:\/\/beleg-hebammen.ch\/\"},{\"@type\":\"ListItem\",\"position\":2,\"name\":\"Nach der Geburt\"}]},{\"@type\":\"WebSite\",\"@id\":\"https:\/\/beleg-hebammen.ch\/#website\",\"url\":\"https:\/\/beleg-hebammen.ch\/\",\"name\":\"Hebammen Sara - Marianne - Vinia\",\"description\":\"\",\"publisher\":{\"@id\":\"https:\/\/beleg-hebammen.ch\/#organization\"},\"potentialAction\":[{\"@type\":\"SearchAction\",\"target\":{\"@type\":\"EntryPoint\",\"urlTemplate\":\"https:\/\/beleg-hebammen.ch\/?s={search_term_string}\"},\"query-input\":\"required name=search_term_string\"}],\"inLanguage\":\"de\"},{\"@type\":\"Organization\",\"@id\":\"https:\/\/beleg-hebammen.ch\/#organization\",\"name\":\"Hebammen Sara - Marianne - Vinia\",\"url\":\"https:\/\/beleg-hebammen.ch\/\",\"logo\":{\"@type\":\"ImageObject\",\"inLanguage\":\"de\",\"@id\":\"https:\/\/beleg-hebammen.ch\/#\/schema\/logo\/image\/\",\"url\":\"https:\/\/beleg-hebammen.ch\/wp-content\/uploads\/2024\/08\/cropped-Hebammen_2ndLogo_Transparent.png\",\"contentUrl\":\"https:\/\/beleg-hebammen.ch\/wp-content\/uploads\/2024\/08\/cropped-Hebammen_2ndLogo_Transparent.png\",\"width\":3789,\"height\":950,\"caption\":\"Hebammen Sara - Marianne - Vinia\"},\"image\":{\"@id\":\"https:\/\/beleg-hebammen.ch\/#\/schema\/logo\/image\/\"}}]}<\/script>\n<!-- \/ Yoast SEO plugin. -->","yoast_head_json":{"title":"Nach der Geburt - Hebammen Sara - Marianne - Vinia","description":"Stillberatung und Wochenbettbetreuung","robots":{"index":"index","follow":"follow","max-snippet":"max-snippet:-1","max-image-preview":"max-image-preview:large","max-video-preview":"max-video-preview:-1"},"canonical":"https:\/\/beleg-hebammen.ch\/index.php\/nach-der-geburt\/","og_locale":"de_DE","og_type":"article","og_title":"Nach der Geburt - Hebammen Sara - Marianne - Vinia","og_description":"Stillberatung und Wochenbettbetreuung","og_url":"https:\/\/beleg-hebammen.ch\/index.php\/nach-der-geburt\/","og_site_name":"Hebammen Sara - Marianne - Vinia","article_modified_time":"2024-08-25T09:31:15+00:00","og_image":[{"url":"https:\/\/beleg-hebammen.ch\/wp-content\/uploads\/2024\/08\/063-edited-scaled.jpg"}],"twitter_card":"summary_large_image","twitter_misc":{"Gesch\u00e4tzte Lesezeit":"3\u00a0Minuten"},"schema":{"@context":"https:\/\/schema.org","@graph":[{"@type":"WebPage","@id":"https:\/\/beleg-hebammen.ch\/index.php\/nach-der-geburt\/","url":"https:\/\/beleg-hebammen.ch\/index.php\/nach-der-geburt\/","name":"Nach der Geburt - Hebammen Sara - Marianne - Vinia","isPartOf":{"@id":"https:\/\/beleg-hebammen.ch\/#website"},"primaryImageOfPage":{"@id":"https:\/\/beleg-hebammen.ch\/index.php\/nach-der-geburt\/#primaryimage"},"image":{"@id":"https:\/\/beleg-hebammen.ch\/index.php\/nach-der-geburt\/#primaryimage"},"thumbnailUrl":"https:\/\/beleg-hebammen.ch\/wp-content\/uploads\/2024\/08\/063-edited-scaled.jpg","datePublished":"2024-08-19T13:45:32+00:00","dateModified":"2024-08-25T09:31:15+00:00","description":"Stillberatung und Wochenbettbetreuung","breadcrumb":{"@id":"https:\/\/beleg-hebammen.ch\/index.php\/nach-der-geburt\/#breadcrumb"},"inLanguage":"de","potentialAction":[{"@type":"ReadAction","target":["https:\/\/beleg-hebammen.ch\/index.php\/nach-der-geburt\/"]}]},{"@type":"ImageObject","inLanguage":"de","@id":"https:\/\/beleg-hebammen.ch\/index.php\/nach-der-geburt\/#primaryimage","url":"https:\/\/beleg-hebammen.ch\/wp-content\/uploads\/2024\/08\/063-edited-scaled.jpg","contentUrl":"https:\/\/beleg-hebammen.ch\/wp-content\/uploads\/2024\/08\/063-edited-scaled.jpg","width":2560,"height":1440},{"@type":"BreadcrumbList","@id":"https:\/\/beleg-hebammen.ch\/index.php\/nach-der-geburt\/#breadcrumb","itemListElement":[{"@type":"ListItem","position":1,"name":"Startseite","item":"https:\/\/beleg-hebammen.ch\/"},{"@type":"ListItem","position":2,"name":"Nach der Geburt"}]},{"@type":"WebSite","@id":"https:\/\/beleg-hebammen.ch\/#website","url":"https:\/\/beleg-hebammen.ch\/","name":"Hebammen Sara - Marianne - Vinia","description":"","publisher":{"@id":"https:\/\/beleg-hebammen.ch\/#organization"},"potentialAction":[{"@type":"SearchAction","target":{"@type":"EntryPoint","urlTemplate":"https:\/\/beleg-hebammen.ch\/?s={search_term_string}"},"query-input":"required name=search_term_string"}],"inLanguage":"de"},{"@type":"Organization","@id":"https:\/\/beleg-hebammen.ch\/#organization","name":"Hebammen Sara - Marianne - Vinia","url":"https:\/\/beleg-hebammen.ch\/","logo":{"@type":"ImageObject","inLanguage":"de","@id":"https:\/\/beleg-hebammen.ch\/#\/schema\/logo\/image\/","url":"https:\/\/beleg-hebammen.ch\/wp-content\/uploads\/2024\/08\/cropped-Hebammen_2ndLogo_Transparent.png","contentUrl":"https:\/\/beleg-hebammen.ch\/wp-content\/uploads\/2024\/08\/cropped-Hebammen_2ndLogo_Transparent.png","width":3789,"height":950,"caption":"Hebammen Sara - Marianne - Vinia"},"image":{"@id":"https:\/\/beleg-hebammen.ch\/#\/schema\/logo\/image\/"}}]}},"_links":{"self":[{"href":"https:\/\/beleg-hebammen.ch\/index.php\/wp-json\/wp\/v2\/pages\/286","targetHints":{"allow":["GET"]}}],"collection":[{"href":"https:\/\/beleg-hebammen.ch\/index.php\/wp-json\/wp\/v2\/pages"}],"about":[{"href":"https:\/\/beleg-hebammen.ch\/index.php\/wp-json\/wp\/v2\/types\/page"}],"author":[{"embeddable":true,"href":"https:\/\/beleg-hebammen.ch\/index.php\/wp-json\/wp\/v2\/users\/1"}],"replies":[{"embeddable":true,"href":"https:\/\/beleg-hebammen.ch\/index.php\/wp-json\/wp\/v2\/comments?post=286"}],"version-history":[{"count":9,"href":"https:\/\/beleg-hebammen.ch\/index.php\/wp-json\/wp\/v2\/pages\/286\/revisions"}],"predecessor-version":[{"id":380,"href":"https:\/\/beleg-hebammen.ch\/index.php\/wp-json\/wp\/v2\/pages\/286\/revisions\/380"}],"wp:attachment":[{"href":"https:\/\/beleg-hebammen.ch\/index.php\/wp-json\/wp\/v2\/media?parent=286"}],"curies":[{"name":"wp","href":"https:\/\/api.w.org\/{rel}","templated":true}]}}

<figure class="wp-block-image size-large is-style-default"><img loading="lazy" decoding="async" width="2560" height="1440" src="https://beleg-hebammen.ch/wp-content/uploads/2024/08/063-edited-scaled.jpg" alt="" class="wp-image-336" srcset="https://beleg-hebammen.ch/wp-content/uploads/2024/08/063-edited-scaled.jpg 2560w, https://beleg-hebammen.ch/wp-content/uploads/2024/08/063-edited-300x169.jpg 300w, https://beleg-hebammen.ch/wp-content/uploads/2024/08/063-edited-1024x576.jpg 1024w, https://beleg-hebammen.ch/wp-content/uploads/2024/08/063-edited-768x432.jpg 768w, https://beleg-hebammen.ch/wp-content/uploads/2024/08/063-edited-1536x864.jpg 1536w, https://beleg-hebammen.ch/wp-content/uploads/2024/08/063-edited-2048x1152.jpg 2048w" sizes="auto, (max-width: 2560px) 100vw, 2560px" /></figure>



<p></p>



<p>Wir bieten dir die kontinuierliche Betreuung auch nach der Geburt und unterstützen dich und deine Familie beim Start in den neuen Lebensabschnitt. Die Häufigkeit der Betreuung kannst du gemeinsam mit uns definieren.</p>



<h2 class="wp-block-heading">Wochenbettbetreuung</h2>



<p>Das Wochenbett ist die Phase des Kennenlernens und der Erholung nach der Geburt. In diesen ersten Wochen gewöhnst Du Dich an die neuen Lebensumstände, und diese Zeit kann sowohl wunderbar als auch turbulent sein.</p>



<p>Ganz gleich, ob die Geburt ambulant, stationär, per Kaiserschnitt oder zu Hause stattfand – jede Frau kann in dieser Phase auf unsere Unterstützung zählen. Wir begleiten Dich auf ganzheitlicher Ebene und unterstützen den Übergang zur Elternschaft.</p>



<p>Sobald Du und Dein Neugeborenes gut zu Hause angekommen seid, beginnt die individuelle Betreuung durch unsere Hebamme, die spätestens mit dem 56. Lebenstag endet. Bereits vor der Geburt bereiten wir uns gemeinsam auf diese Phase vor, damit Du mit möglichen Unsicherheiten gut umgehen kannst. Unser Ziel ist es, dass Dein Kind in einer liebevollen Umgebung gedeihen kann und die Pflege und der Umgang mit Deinem Neugeborenen schnell zur Selbstverständlichkeit werden. Besonders wichtig ist uns auch die Unterstützung beim Stillen – eine unserer zentralen Kompetenzen.</p>



<p>Durch regelmäßige Besuche überwachen wir die Entwicklung und das Wachstum Deines Babys sowie die Erholung Deines Körpers. Dazu gehören unter anderem die Rückbildung der Gebärmutter, die Heilung von Geburtsverletzungen und die Stärkung der Beckenbodenmuskulatur. Auch die emotionalen und sozialen Veränderungen in der neuen Familie haben wir im Blick und stehen Dir bei Fragen oder Herausforderungen unterstützend zur Seite. Sollten sich besondere Situationen ergeben, unterstützen wir Dich zudem bei der Suche nach weiterführenden Fachkräften und arbeiten eng mit anderen Berufsgruppen zusammen.</p>



<h2 class="wp-block-heading">Stillberatung</h2>



<p>Die Entscheidung, wie du dein Kind ernähren möchtest, ist ganz individuell und hängt von den jeweiligen Umständen und Herausforderungen ab. Wir verstehen, dass jede Still- oder Ernährungsituation einzigartig sein kann, und stehen dir daher mit umfassender Unterstützung und Informationen zur Seite.</p>



<p>Nach der Wochenbettzeit hast du die Möglichkeit, bis zu drei Stillberatungen in Anspruch zu nehmen. Diese Beratungen werden in vollem Umfang übernommen, unabhängig von der Dauer des Stillens, und es fallen keine Franchise-Kosten an.</p>

<p>Wir bieten dir die kontinuierliche Betreuung auch nach der Geburt und unterstützen dich und deine Familie beim Start in den neuen Lebensabschnitt. Die Häufigkeit der Betreuung kannst du gemeinsam mit &#8230;</p>

<!-- This site is optimized with the Yoast SEO plugin v23.3 - https://yoast.com/wordpress/plugins/seo/ -->
<title>Nach der Geburt - Hebammen Sara - Marianne - Vinia</title>
<meta name="description" content="Stillberatung und Wochenbettbetreuung" />
<meta name="robots" content="index, follow, max-snippet:-1, max-image-preview:large, max-video-preview:-1" />
<link rel="canonical" href="https://beleg-hebammen.ch/index.php/nach-der-geburt/" />
<meta property="og:locale" content="de_DE" />
<meta property="og:type" content="article" />
<meta property="og:title" content="Nach der Geburt - Hebammen Sara - Marianne - Vinia" />
<meta property="og:description" content="Stillberatung und Wochenbettbetreuung" />
<meta property="og:url" content="https://beleg-hebammen.ch/index.php/nach-der-geburt/" />
<meta property="og:site_name" content="Hebammen Sara - Marianne - Vinia" />
<meta property="article:modified_time" content="2024-08-25T09:31:15+00:00" />
<meta property="og:image" content="https://beleg-hebammen.ch/wp-content/uploads/2024/08/063-edited-scaled.jpg" />
<meta name="twitter:card" content="summary_large_image" />
<meta name="twitter:label1" content="Geschätzte Lesezeit" />
	<meta name="twitter:data1" content="3 Minuten" />
<script type="application/ld+json" class="yoast-schema-graph">{"@context":"https://schema.org","@graph":[{"@type":"WebPage","@id":"https://beleg-hebammen.ch/index.php/nach-der-geburt/","url":"https://beleg-hebammen.ch/index.php/nach-der-geburt/","name":"Nach der Geburt - Hebammen Sara - Marianne - Vinia","isPartOf":{"@id":"https://beleg-hebammen.ch/#website"},"primaryImageOfPage":{"@id":"https://beleg-hebammen.ch/index.php/nach-der-geburt/#primaryimage"},"image":{"@id":"https://beleg-hebammen.ch/index.php/nach-der-geburt/#primaryimage"},"thumbnailUrl":"https://beleg-hebammen.ch/wp-content/uploads/2024/08/063-edited-scaled.jpg","datePublished":"2024-08-19T13:45:32+00:00","dateModified":"2024-08-25T09:31:15+00:00","description":"Stillberatung und Wochenbettbetreuung","breadcrumb":{"@id":"https://beleg-hebammen.ch/index.php/nach-der-geburt/#breadcrumb"},"inLanguage":"de","potentialAction":[{"@type":"ReadAction","target":["https://beleg-hebammen.ch/index.php/nach-der-geburt/"]}]},{"@type":"ImageObject","inLanguage":"de","@id":"https://beleg-hebammen.ch/index.php/nach-der-geburt/#primaryimage","url":"https://beleg-hebammen.ch/wp-content/uploads/2024/08/063-edited-scaled.jpg","contentUrl":"https://beleg-hebammen.ch/wp-content/uploads/2024/08/063-edited-scaled.jpg","width":2560,"height":1440},{"@type":"BreadcrumbList","@id":"https://beleg-hebammen.ch/index.php/nach-der-geburt/#breadcrumb","itemListElement":[{"@type":"ListItem","position":1,"name":"Startseite","item":"https://beleg-hebammen.ch/"},{"@type":"ListItem","position":2,"name":"Nach der Geburt"}]},{"@type":"WebSite","@id":"https://beleg-hebammen.ch/#website","url":"https://beleg-hebammen.ch/","name":"Hebammen Sara - Marianne - Vinia","description":"","publisher":{"@id":"https://beleg-hebammen.ch/#organization"},"potentialAction":[{"@type":"SearchAction","target":{"@type":"EntryPoint","urlTemplate":"https://beleg-hebammen.ch/?s={search_term_string}"},"query-input":"required name=search_term_string"}],"inLanguage":"de"},{"@type":"Organization","@id":"https://beleg-hebammen.ch/#organization","name":"Hebammen Sara - Marianne - Vinia","url":"https://beleg-hebammen.ch/","logo":{"@type":"ImageObject","inLanguage":"de","@id":"https://beleg-hebammen.ch/#/schema/logo/image/","url":"https://beleg-hebammen.ch/wp-content/uploads/2024/08/cropped-Hebammen_2ndLogo_Transparent.png","contentUrl":"https://beleg-hebammen.ch/wp-content/uploads/2024/08/cropped-Hebammen_2ndLogo_Transparent.png","width":3789,"height":950,"caption":"Hebammen Sara - Marianne - Vinia"},"image":{"@id":"https://beleg-hebammen.ch/#/schema/logo/image/"}}]}</script>
<!-- / Yoast SEO plugin. -->
